{"id":161,"date":"2018-09-18T10:43:29","date_gmt":"2018-09-18T08:43:29","guid":{"rendered":"https:\/\/www.avenir-financier.ovh\/newsb\/?page_id=161"},"modified":"2022-09-03T12:32:34","modified_gmt":"2022-09-03T10:32:34","slug":"faisons-connaissance","status":"publish","type":"page","link":"https:\/\/www.avenir-financier.ovh\/newsb\/faisons-connaissance\/","title":{"rendered":"Offres d&#8217;emploi non salari\u00e9 : proximit\u00e9, revenus, horaires"},"content":{"rendered":"<div id=\"watu_quiz\" class=\"quiz-area single-page-quiz\">\n<p><p style=\"font-size: large;;\">Vous cherchez un moyen de gagner plus d&rsquo;argent ou avec moins de contraintes ?<\/p>\n<p style=\"font-size: large;;\">Nous avons une solution simple et r\u00e9mun\u00e9ratrice pour vous !<\/p>\n<h1 style=\"color:#FF1493;\">&#10102; R\u00e9pondez aux 4 questions ci-dessous sur votre profil d&#8217;employabilit\u00e9 : <small>revenu, proximit\u00e9, priorit\u00e9<\/small><\/h1>\n<h1 style=\"color:#FF1493;\">&#10103; Validez et acc\u00e9dez \u00e0 notre estimation de r\u00e9mun\u00e9ration<\/h1>\n<h4 style=\"color:#483D8B;\">Vous avez ouvert cette page par curiosit\u00e9, besoin d&rsquo;argent, d&rsquo;un emploi, d&rsquo;une autre vie ?<br \/>\nVous voulez juste quelque chose de plus dans votre vie !<\/h4>\n<\/p><form action=\"\" method=\"post\" class=\"quiz-form\" id=\"quiz-1\" >\n<div class='watu-question' id='question-1'><div class='question-content'><p><img loading=\"lazy\" decoding=\"async\" class=\"img_responsive alignnone wp-image-321 size-full\" src=\"https:\/\/www.avenir-financier.ovh\/newsb\/wp-content\/uploads\/2018\/09\/souhait-bora-bora-3023437_640.jpg\" alt=\"Il vous manque quoi dans votre vie ?\" width=\"640\" height=\"427\" srcset=\"https:\/\/www.avenir-financier.ovh\/newsb\/wp-content\/uploads\/2018\/09\/souhait-bora-bora-3023437_640.jpg 640w, https:\/\/www.avenir-financier.ovh\/newsb\/wp-content\/uploads\/2018\/09\/souhait-bora-bora-3023437_640-300x200.jpg 300w\" sizes=\"auto, (max-width: 640px) 100vw, 640px\" \/><\/p>\n<h3 class=\"kestion\">Qu&rsquo;aimeriez-vous avoir en plus dans votre vie ?<\/h3>\n<\/div><input type='hidden' name='question_id[]' value='1' \/><input type='hidden' name='answer_ids[]' class='watu-answer-ids' value='912' \/><div><input type='radio' name='answer-1[]' id='answer-id-912' class='answer answer-1  answerof-1' value='912' \/>&nbsp;<label for='answer-id-912' id='answer-label-912' class=' answer label-1'><span>200\u20ac\/mois<\/span><\/label><\/div>\n<input type='hidden' name='answer_ids[]' class='watu-answer-ids' value='913' \/><div><input type='radio' name='answer-1[]' id='answer-id-913' class='answer answer-1  answerof-1' value='913' \/>&nbsp;<label for='answer-id-913' id='answer-label-913' class=' answer label-1'><span>4000\u20ac\/mois<\/span><\/label><\/div>\n<input type='hidden' name='answer_ids[]' class='watu-answer-ids' value='914' \/><div><input type='radio' name='answer-1[]' id='answer-id-914' class='answer answer-1  answerof-1' value='914' \/>&nbsp;<label for='answer-id-914' id='answer-label-914' class=' answer label-1'><span>Une vie diff\u00e9rente<\/span><\/label><\/div>\n<input type='hidden' name='answer_ids[]' class='watu-answer-ids' value='915' \/><div><input type='radio' name='answer-1[]' id='answer-id-915' class='answer answer-1  answerof-1' value='915' \/>&nbsp;<label for='answer-id-915' id='answer-label-915' class=' answer label-1'><span>Ne plus travailler<\/span><\/label><\/div>\n<input type='hidden' id='questionType1' value='radio' class='required'><\/div><div class='watu-question' id='question-2'><div class='question-content'><p><img loading=\"lazy\" decoding=\"async\" class=\"alignnone wp-image-331 size-full\" src=\"https:\/\/www.avenir-financier.ovh\/newsb\/wp-content\/uploads\/2018\/09\/lieu-travail-favoris-office-3383853_640.jpg\" alt=\"Votre lieu favori\" width=\"640\" height=\"426\" srcset=\"https:\/\/www.avenir-financier.ovh\/newsb\/wp-content\/uploads\/2018\/09\/lieu-travail-favoris-office-3383853_640.jpg 640w, https:\/\/www.avenir-financier.ovh\/newsb\/wp-content\/uploads\/2018\/09\/lieu-travail-favoris-office-3383853_640-300x200.jpg 300w\" sizes=\"auto, (max-width: 640px) 100vw, 640px\" \/><\/p>\n<h3 class=\"kestion\">Votre lieu favori pour gagner votre vie ?<\/h3>\n<\/div><input type='hidden' name='question_id[]' value='31' \/><input type='hidden' name='answer_ids[]' class='watu-answer-ids' value='916' \/><div><input type='radio' name='answer-31[]' id='answer-id-916' class='answer answer-2  answerof-31' value='916' \/>&nbsp;<label for='answer-id-916' id='answer-label-916' class=' answer label-2'><span>Chez moi<\/span><\/label><\/div>\n<input type='hidden' name='answer_ids[]' class='watu-answer-ids' value='917' \/><div><input type='radio' name='answer-31[]' id='answer-id-917' class='answer answer-2  answerof-31' value='917' \/>&nbsp;<label for='answer-id-917' id='answer-label-917' class=' answer label-2'><span>N&rsquo;importe o\u00f9<\/span><\/label><\/div>\n<input type='hidden' name='answer_ids[]' class='watu-answer-ids' value='918' \/><div><input type='radio' name='answer-31[]' id='answer-id-918' class='answer answer-2  answerof-31' value='918' \/>&nbsp;<label for='answer-id-918' id='answer-label-918' class=' answer label-2'><span>Un bureau dans l&rsquo;entreprise<\/span><\/label><\/div>\n<input type='hidden' name='answer_ids[]' class='watu-answer-ids' value='919' \/><div><input type='radio' name='answer-31[]' id='answer-id-919' class='answer answer-2  answerof-31' value='919' \/>&nbsp;<label for='answer-id-919' id='answer-label-919' class=' answer label-2'><span>Nul part<\/span><\/label><\/div>\n<input type='hidden' name='answer_ids[]' class='watu-answer-ids' value='920' \/><div><input type='radio' name='answer-31[]' id='answer-id-920' class='answer answer-2  answerof-31' value='920' \/>&nbsp;<label for='answer-id-920' id='answer-label-920' class=' answer label-2'><span>En plein air<\/span><\/label><\/div>\n<input type='hidden' id='questionType2' value='radio' class='required'><\/div><div class='watu-question' id='question-3'><div class='question-content'><p><img loading=\"lazy\" decoding=\"async\" class=\"alignnone wp-image-191 size-full\" src=\"https:\/\/www.avenir-financier.ovh\/newsb\/wp-content\/uploads\/2018\/09\/projet-mar-3040674_640.jpg\" alt=\"Votre situation actuelle ?\" width=\"640\" height=\"426\" srcset=\"https:\/\/www.avenir-financier.ovh\/newsb\/wp-content\/uploads\/2018\/09\/projet-mar-3040674_640.jpg 640w, https:\/\/www.avenir-financier.ovh\/newsb\/wp-content\/uploads\/2018\/09\/projet-mar-3040674_640-300x200.jpg 300w\" sizes=\"auto, (max-width: 640px) 100vw, 640px\" \/><\/p>\n<h3 class=\"kestion\">Qui \u00eates-vous ?<\/h3>\n<\/div><input type='hidden' name='question_id[]' value='41' \/><input type='hidden' name='answer_ids[]' class='watu-answer-ids' value='921' \/><div><input type='radio' name='answer-41[]' id='answer-id-921' class='answer answer-3  answerof-41' value='921' \/>&nbsp;<label for='answer-id-921' id='answer-label-921' class=' answer label-3'><span>\u00c9tudiant<\/span><\/label><\/div>\n<input type='hidden' name='answer_ids[]' class='watu-answer-ids' value='922' \/><div><input type='radio' name='answer-41[]' id='answer-id-922' class='answer answer-3  answerof-41' value='922' \/>&nbsp;<label for='answer-id-922' id='answer-label-922' class=' answer label-3'><span>Sans emploi<\/span><\/label><\/div>\n<input type='hidden' name='answer_ids[]' class='watu-answer-ids' value='923' \/><div><input type='radio' name='answer-41[]' id='answer-id-923' class='answer answer-3  answerof-41' value='923' \/>&nbsp;<label for='answer-id-923' id='answer-label-923' class=' answer label-3'><span>Salari\u00e9<\/span><\/label><\/div>\n<input type='hidden' name='answer_ids[]' class='watu-answer-ids' value='924' \/><div><input type='radio' name='answer-41[]' id='answer-id-924' class='answer answer-3  answerof-41' value='924' \/>&nbsp;<label for='answer-id-924' id='answer-label-924' class=' answer label-3'><span>Chef d&rsquo;entreprise<\/span><\/label><\/div>\n<input type='hidden' name='answer_ids[]' class='watu-answer-ids' value='925' \/><div><input type='radio' name='answer-41[]' id='answer-id-925' class='answer answer-3  answerof-41' value='925' \/>&nbsp;<label for='answer-id-925' id='answer-label-925' class=' answer label-3'><span>Retrait\u00e9<\/span><\/label><\/div>\n<input type='hidden' name='answer_ids[]' class='watu-answer-ids' value='926' \/><div><input type='radio' name='answer-41[]' id='answer-id-926' class='answer answer-3  answerof-41' value='926' \/>&nbsp;<label for='answer-id-926' id='answer-label-926' class=' answer label-3'><span>Autre<\/span><\/label><\/div>\n<input type='hidden' id='questionType3' value='radio' class='required'><\/div><div class='watu-question' id='question-4'><div class='question-content'><p><img loading=\"lazy\" decoding=\"async\" class=\"alignnone wp-image-361 size-full\" src=\"https:\/\/www.avenir-financier.ovh\/newsb\/wp-content\/uploads\/2018\/09\/smiling-woman-1340662_640.jpg\" alt=\"\" width=\"640\" height=\"426\" srcset=\"https:\/\/www.avenir-financier.ovh\/newsb\/wp-content\/uploads\/2018\/09\/smiling-woman-1340662_640.jpg 640w, https:\/\/www.avenir-financier.ovh\/newsb\/wp-content\/uploads\/2018\/09\/smiling-woman-1340662_640-300x200.jpg 300w\" sizes=\"auto, (max-width: 640px) 100vw, 640px\" \/><\/p>\n<h3 class=\"kestion\">Vous feriez quoi pour avoir ce plus dans votre vie ?<\/h3>\n<\/div><input type='hidden' name='question_id[]' value='51' \/><input type='hidden' name='answer_ids[]' class='watu-answer-ids' value='927' \/><div><input type='radio' name='answer-51[]' id='answer-id-927' class='answer answer-4  answerof-51' value='927' \/>&nbsp;<label for='answer-id-927' id='answer-label-927' class=' answer label-4'><span>Un travail \u00e0 la t\u00e2che<\/span><\/label><\/div>\n<input type='hidden' name='answer_ids[]' class='watu-answer-ids' value='928' \/><div><input type='radio' name='answer-51[]' id='answer-id-928' class='answer answer-4  answerof-51' value='928' \/>&nbsp;<label for='answer-id-928' id='answer-label-928' class=' answer label-4'><span>Un travail de bureau<\/span><\/label><\/div>\n<input type='hidden' name='answer_ids[]' class='watu-answer-ids' value='929' \/><div><input type='radio' name='answer-51[]' id='answer-id-929' class='answer answer-4  answerof-51' value='929' \/>&nbsp;<label for='answer-id-929' id='answer-label-929' class=' answer label-4'><span>Un travail commercial<\/span><\/label><\/div>\n<input type='hidden' name='answer_ids[]' class='watu-answer-ids' value='930' \/><div><input type='radio' name='answer-51[]' id='answer-id-930' class='answer answer-4  answerof-51' value='930' \/>&nbsp;<label for='answer-id-930' id='answer-label-930' class=' answer label-4'><span>Je n&rsquo;ai pas de pr\u00e9f\u00e9rence<\/span><\/label><\/div>\n<input type='hidden' name='answer_ids[]' class='watu-answer-ids' value='931' \/><div><input type='radio' name='answer-51[]' id='answer-id-931' class='answer answer-4  answerof-51' value='931' \/>&nbsp;<label for='answer-id-931' id='answer-label-931' class=' answer label-4'><span>Un jeu ou un bon plan <\/span><\/label><\/div>\n<input type='hidden' name='answer_ids[]' class='watu-answer-ids' value='932' \/><div><input type='radio' name='answer-51[]' id='answer-id-932' class='answer answer-4  answerof-51' value='932' \/>&nbsp;<label for='answer-id-932' id='answer-label-932' class=' answer label-4'><span>Autre<\/span><\/label><\/div>\n<input type='hidden' id='questionType4' value='radio' class='required'><\/div><div style='display:none' id='question-5'><br \/><div class='question-content'><img loading=\"lazy\" decoding=\"async\" src=\"https:\/\/www.avenir-financier.ovh\/newsb\/wp-content\/plugins\/watu\/loading.gif\" width=\"16\" height=\"16\" alt=\"Chargement ...\" title=\"Chargement ...\" \/>&nbsp;Chargement &#8230;<\/div><\/div><br \/>\n<input type=\"button\" name=\"action\" onclick=\"Watu.submitResult()\" id=\"action-button\" value=\"VALIDER VOS R\u00c9PONSES\"  \/>\n<input type=\"hidden\" name=\"no_ajax\" value=\"0\"><input type=\"hidden\" name=\"quiz_id\" value=\"1\" \/>\n<input type=\"hidden\" id=\"watuStartTime\" name=\"start_time\" value=\"2026-04-13 11:16:17\" \/>\n<\/form>\n<\/div>\n<div id=\"watu-loading-result\" style=\"display:none;\">\n\t<p align=\"center\"><img loading=\"lazy\" decoding=\"async\" src=\"https:\/\/www.avenir-financier.ovh\/newsb\/wp-content\/plugins\/watu\/loading.gif\" width=\"16\" height=\"16\" alt=\"Chargement\" title=\"Chargement\" \/><\/p>\n<\/div>\t\n<script type=\"text\/javascript\">\nvar exam_id=0;\nvar question_ids='';\nvar watuURL='';\njQuery(function($){\nquestion_ids = \"1,31,41,51\";\nexam_id = 1;\nWatu.exam_id = exam_id;\nWatu.qArr = question_ids.split(',');\nWatu.post_id = 161;\nWatu.singlePage = '1';\nWatu.hAppID = \"0.20825400 1776071777\";\nwatuURL = \"https:\/\/www.avenir-financier.ovh\/newsb\/wp-admin\/admin-ajax.php\";\nWatu.noAlertUnanswered = 1;\n});\n<\/script>\n\n\n<div style=\"height:500px\" aria-hidden=\"true\" class=\"wp-block-spacer\"><\/div>\n\n\n\n<div class=\"wp-block-columns alignfull has-background is-layout-flex wp-container-core-columns-is-layout-9d6595d7 wp-block-columns-is-layout-flex\" style=\"background-color:#373d44\">\n<div class=\"wp-block-column is-layout-flow wp-block-column-is-layout-flow\">\n<p class=\"has-text-align-center has-white-color has-text-color\"><a href=\"https:\/\/www.avenir-financier.ovh\/infos_legales.html\">Informations l\u00e9gales<\/a> &#8211; <a href=\"https:\/\/ibs.intelligobs.fr\/rgpd_label_infos.php?idt=17480\" target=\"_blank\" rel=\"noreferrer noopener\">Politique de confidentialit\u00e9<\/a><\/p>\n\n\n\n<p class=\"has-text-align-center has-white-color has-text-color has-small-font-size\">Ce site n\u2019est pas une publicit\u00e9 de Facebook. Ce site ne fait pas partie du site web Facebook ou de Facebook, Inc. En outre, ce site n\u2019est pas endoss\u00e9 par Facebook en aucune fa\u00e7on. Facebook est une marque d\u00e9pos\u00e9e de Facebook, Inc.<\/p>\n\n\n\n<p><\/p>\n<\/div>\n<\/div>\n","protected":false},"excerpt":{"rendered":"<p>Informations l\u00e9gales &#8211; Politique de confidentialit\u00e9 Ce site n\u2019est pas une publicit\u00e9 de Facebook. Ce site ne fait pas partie du site web Facebook ou de Facebook, Inc. En outre, ce site n\u2019est pas endoss\u00e9 par Facebook en aucune fa\u00e7on. Facebook est une marque d\u00e9pos\u00e9e de Facebook, Inc.<\/p>\n","protected":false},"author":1,"featured_media":0,"parent":0,"menu_order":0,"comment_status":"closed","ping_status":"closed","template":"","meta":{"sfsi_plus_gutenberg_text_before_share":"","sfsi_plus_gutenberg_show_text_before_share":"","sfsi_plus_gutenberg_icon_type":"","sfsi_plus_gutenberg_icon_alignemt":"","sfsi_plus_gutenburg_max_per_row":"","footnotes":""},"class_list":["post-161","page","type-page","status-publish","hentry"],"yoast_head":"<!-- This site is optimized with the Yoast SEO plugin v19.7.1 - https:\/\/yoast.com\/wordpress\/plugins\/seo\/ -->\n<title>Offres d&#039;emploi non salari\u00e9 : proximit\u00e9, revenus, horaires - Avenir Financier<\/title>\n<meta name=\"robots\" content=\"index, follow, max-snippet:-1, max-image-preview:large, max-video-preview:-1\" \/>\n<link rel=\"canonical\" href=\"https:\/\/www.avenir-financier.ovh\/newsb\/faisons-connaissance\/\" \/>\n<meta property=\"og:locale\" content=\"fr_FR\" \/>\n<meta property=\"og:type\" content=\"article\" \/>\n<meta property=\"og:title\" content=\"Offres d&#039;emploi non salari\u00e9 : proximit\u00e9, revenus, horaires - Avenir Financier\" \/>\n<meta property=\"og:description\" content=\"Informations l\u00e9gales &#8211; Politique de confidentialit\u00e9 Ce site n\u2019est pas une publicit\u00e9 de Facebook. Ce site ne fait pas partie du site web Facebook ou de Facebook, Inc. En outre, ce site n\u2019est pas endoss\u00e9 par Facebook en aucune fa\u00e7on. Facebook est une marque d\u00e9pos\u00e9e de Facebook, Inc.\" \/>\n<meta property=\"og:url\" content=\"https:\/\/www.avenir-financier.ovh\/newsb\/faisons-connaissance\/\" \/>\n<meta property=\"og:site_name\" content=\"Avenir Financier\" \/>\n<meta property=\"article:modified_time\" content=\"2022-09-03T10:32:34+00:00\" \/>\n<meta name=\"twitter:card\" content=\"summary_large_image\" \/>\n<meta name=\"twitter:label1\" content=\"Dur\u00e9e de lecture estim\u00e9e\" \/>\n\t<meta name=\"twitter:data1\" content=\"1 minute\" \/>\n<script type=\"application\/ld+json\" class=\"yoast-schema-graph\">{\"@context\":\"https:\/\/schema.org\",\"@graph\":[{\"@type\":\"WebPage\",\"@id\":\"https:\/\/www.avenir-financier.ovh\/newsb\/faisons-connaissance\/\",\"url\":\"https:\/\/www.avenir-financier.ovh\/newsb\/faisons-connaissance\/\",\"name\":\"Offres d'emploi non salari\u00e9 : proximit\u00e9, revenus, horaires - Avenir Financier\",\"isPartOf\":{\"@id\":\"https:\/\/www.avenir-financier.ovh\/newsb\/#website\"},\"datePublished\":\"2018-09-18T08:43:29+00:00\",\"dateModified\":\"2022-09-03T10:32:34+00:00\",\"breadcrumb\":{\"@id\":\"https:\/\/www.avenir-financier.ovh\/newsb\/faisons-connaissance\/#breadcrumb\"},\"inLanguage\":\"fr-FR\",\"potentialAction\":[{\"@type\":\"ReadAction\",\"target\":[\"https:\/\/www.avenir-financier.ovh\/newsb\/faisons-connaissance\/\"]}]},{\"@type\":\"BreadcrumbList\",\"@id\":\"https:\/\/www.avenir-financier.ovh\/newsb\/faisons-connaissance\/#breadcrumb\",\"itemListElement\":[{\"@type\":\"ListItem\",\"position\":1,\"name\":\"Home\",\"item\":\"https:\/\/www.avenir-financier.ovh\/newsb\/\"},{\"@type\":\"ListItem\",\"position\":2,\"name\":\"Offres d&#8217;emploi non salari\u00e9 : proximit\u00e9, revenus, horaires\"}]},{\"@type\":\"WebSite\",\"@id\":\"https:\/\/www.avenir-financier.ovh\/newsb\/#website\",\"url\":\"https:\/\/www.avenir-financier.ovh\/newsb\/\",\"name\":\"Avenir Financier\",\"description\":\"Assistance \u00e0 l&#039;ind\u00e9pendance\",\"publisher\":{\"@id\":\"https:\/\/www.avenir-financier.ovh\/newsb\/#organization\"},\"potentialAction\":[{\"@type\":\"SearchAction\",\"target\":{\"@type\":\"EntryPoint\",\"urlTemplate\":\"https:\/\/www.avenir-financier.ovh\/newsb\/?s={search_term_string}\"},\"query-input\":\"required name=search_term_string\"}],\"inLanguage\":\"fr-FR\"},{\"@type\":\"Organization\",\"@id\":\"https:\/\/www.avenir-financier.ovh\/newsb\/#organization\",\"name\":\"Avenir Financier\",\"url\":\"https:\/\/www.avenir-financier.ovh\/newsb\/\",\"sameAs\":[],\"logo\":{\"@type\":\"ImageObject\",\"inLanguage\":\"fr-FR\",\"@id\":\"https:\/\/www.avenir-financier.ovh\/newsb\/#\/schema\/logo\/image\/\",\"url\":\"https:\/\/www.avenir-financier.ovh\/newsb\/wp-content\/uploads\/2018\/09\/logo_avenir-financier.png\",\"contentUrl\":\"https:\/\/www.avenir-financier.ovh\/newsb\/wp-content\/uploads\/2018\/09\/logo_avenir-financier.png\",\"width\":81,\"height\":43,\"caption\":\"Avenir Financier\"},\"image\":{\"@id\":\"https:\/\/www.avenir-financier.ovh\/newsb\/#\/schema\/logo\/image\/\"}}]}<\/script>\n<!-- \/ Yoast SEO plugin. -->","yoast_head_json":{"title":"Offres d'emploi non salari\u00e9 : proximit\u00e9, revenus, horaires - Avenir Financier","robots":{"index":"index","follow":"follow","max-snippet":"max-snippet:-1","max-image-preview":"max-image-preview:large","max-video-preview":"max-video-preview:-1"},"canonical":"https:\/\/www.avenir-financier.ovh\/newsb\/faisons-connaissance\/","og_locale":"fr_FR","og_type":"article","og_title":"Offres d'emploi non salari\u00e9 : proximit\u00e9, revenus, horaires - Avenir Financier","og_description":"Informations l\u00e9gales &#8211; Politique de confidentialit\u00e9 Ce site n\u2019est pas une publicit\u00e9 de Facebook. Ce site ne fait pas partie du site web Facebook ou de Facebook, Inc. En outre, ce site n\u2019est pas endoss\u00e9 par Facebook en aucune fa\u00e7on. Facebook est une marque d\u00e9pos\u00e9e de Facebook, Inc.","og_url":"https:\/\/www.avenir-financier.ovh\/newsb\/faisons-connaissance\/","og_site_name":"Avenir Financier","article_modified_time":"2022-09-03T10:32:34+00:00","twitter_card":"summary_large_image","twitter_misc":{"Dur\u00e9e de lecture estim\u00e9e":"1 minute"},"schema":{"@context":"https:\/\/schema.org","@graph":[{"@type":"WebPage","@id":"https:\/\/www.avenir-financier.ovh\/newsb\/faisons-connaissance\/","url":"https:\/\/www.avenir-financier.ovh\/newsb\/faisons-connaissance\/","name":"Offres d'emploi non salari\u00e9 : proximit\u00e9, revenus, horaires - Avenir Financier","isPartOf":{"@id":"https:\/\/www.avenir-financier.ovh\/newsb\/#website"},"datePublished":"2018-09-18T08:43:29+00:00","dateModified":"2022-09-03T10:32:34+00:00","breadcrumb":{"@id":"https:\/\/www.avenir-financier.ovh\/newsb\/faisons-connaissance\/#breadcrumb"},"inLanguage":"fr-FR","potentialAction":[{"@type":"ReadAction","target":["https:\/\/www.avenir-financier.ovh\/newsb\/faisons-connaissance\/"]}]},{"@type":"BreadcrumbList","@id":"https:\/\/www.avenir-financier.ovh\/newsb\/faisons-connaissance\/#breadcrumb","itemListElement":[{"@type":"ListItem","position":1,"name":"Home","item":"https:\/\/www.avenir-financier.ovh\/newsb\/"},{"@type":"ListItem","position":2,"name":"Offres d&#8217;emploi non salari\u00e9 : proximit\u00e9, revenus, horaires"}]},{"@type":"WebSite","@id":"https:\/\/www.avenir-financier.ovh\/newsb\/#website","url":"https:\/\/www.avenir-financier.ovh\/newsb\/","name":"Avenir Financier","description":"Assistance \u00e0 l&#039;ind\u00e9pendance","publisher":{"@id":"https:\/\/www.avenir-financier.ovh\/newsb\/#organization"},"potentialAction":[{"@type":"SearchAction","target":{"@type":"EntryPoint","urlTemplate":"https:\/\/www.avenir-financier.ovh\/newsb\/?s={search_term_string}"},"query-input":"required name=search_term_string"}],"inLanguage":"fr-FR"},{"@type":"Organization","@id":"https:\/\/www.avenir-financier.ovh\/newsb\/#organization","name":"Avenir Financier","url":"https:\/\/www.avenir-financier.ovh\/newsb\/","sameAs":[],"logo":{"@type":"ImageObject","inLanguage":"fr-FR","@id":"https:\/\/www.avenir-financier.ovh\/newsb\/#\/schema\/logo\/image\/","url":"https:\/\/www.avenir-financier.ovh\/newsb\/wp-content\/uploads\/2018\/09\/logo_avenir-financier.png","contentUrl":"https:\/\/www.avenir-financier.ovh\/newsb\/wp-content\/uploads\/2018\/09\/logo_avenir-financier.png","width":81,"height":43,"caption":"Avenir Financier"},"image":{"@id":"https:\/\/www.avenir-financier.ovh\/newsb\/#\/schema\/logo\/image\/"}}]}},"_links":{"self":[{"href":"https:\/\/www.avenir-financier.ovh\/newsb\/wp-json\/wp\/v2\/pages\/161","targetHints":{"allow":["GET"]}}],"collection":[{"href":"https:\/\/www.avenir-financier.ovh\/newsb\/wp-json\/wp\/v2\/pages"}],"about":[{"href":"https:\/\/www.avenir-financier.ovh\/newsb\/wp-json\/wp\/v2\/types\/page"}],"author":[{"embeddable":true,"href":"https:\/\/www.avenir-financier.ovh\/newsb\/wp-json\/wp\/v2\/users\/1"}],"replies":[{"embeddable":true,"href":"https:\/\/www.avenir-financier.ovh\/newsb\/wp-json\/wp\/v2\/comments?post=161"}],"version-history":[{"count":0,"href":"https:\/\/www.avenir-financier.ovh\/newsb\/wp-json\/wp\/v2\/pages\/161\/revisions"}],"wp:attachment":[{"href":"https:\/\/www.avenir-financier.ovh\/newsb\/wp-json\/wp\/v2\/media?parent=161"}],"curies":[{"name":"wp","href":"https:\/\/api.w.org\/{rel}","templated":true}]}}